- 5) + (-30 - -29)
-1
Evaluate 2 + (6 - 8) + -6.
-6
What is the value of 0 + (-2 + 10 - (4 - 0))?
4
What is the value of (-5 - -1) + 9 + (3 - 9)?
-1
Calculate 0 + -1 + 22 + -16.
5
Evaluate -1 - (1 - 0) - (48 + -52).
2
Calculate -1 - ((0 - 2) + -1) - 1.
1
Evaluate 11 + (-4 - 5) + -2.
0
1 + 0 + -7 + -6 + 7
-5
7 + -14 + (9 - 0)
2
What is the value of -1 + 0 + 3 - (-25 + 29)?
-2
-3 - -2 - (0 + 0 + 4)
-5
0 + -12 - (-4 + -1 + 1)
-8
Evaluate 0 - 0 - (28 + -10 - 13).
-5
Evaluate 6 + (3 - ((1 - 0) + 5)).
3
Evaluate (8 - (11 + -4)) + 3.
4
-4 + -1 + (-8 - (-5 + -8))
0
Evaluate (3 - 5) + 5 + 0.
3
What is 3 - (-5 + 11) - -3?
0
Evaluate -8 - (-6 + (0 - (-1 - 2))).
-5
What is 0 - ((-3 - -4) + -7) - 13?
-7
-8 - (-17 + 12 + -4)
1
Evaluate -5 + (0 - (-4 + 1)).
-2
Evaluate 5 - ((12 - -2) + -8).
-1
Evaluate -1 + 7 + (11 - 14).
3
Evaluate 9 - (10 + 6 + -11 + 0).
4
6 + -3 - 4 - -6
5
Calculate 0 - (0 - (6 + -6)).
0
Evaluate (-15 - -6 - -4 - 6) + 4.
-7
Calculate 3 - 1 - (-2 + -4 + 9).
-1
What is the value of (9 + -1 - 15) + 13?
6
Evaluate -2 + -1 + -1 - -6.
2
-1 + -2 - (1 + (0 - 5))
1
Evaluate -1 + -2 + 0 + 2 - -1.
0
Calculate (-5 - -10) + -7 + -2.
-4
Calculate 2 - (5 - (3 - -1)).
1
What is the value of 1 + (4 - -1) + -4?
2
What is -9 - -11 - (6 + -1)?
-3
Calculate (-1 - -1 - -2) + -29 + 23.
-4
What is the value of 4 + (-5 - 4) + 2 + 3?
0
What is the value of -7 + (12 + -8 - (3 - 0))?
-6
Calculate 2 + (-3 + 1 + 4 - 3).
1
Calculate 4 + (0 - (2 + -3)).
5
What is the value of -2 + 3 + (3 - 1)?
3
Calculate -4 + (8 - (1 + 2 + -1)).
2
What is the value of 35 + -27 + (-1 - 4)?
3
Calculate 8 + (8 - 22) + (2 - -1).
-3
What is the value of (0 - 4) + 4 - 4?
-4
Calculate -11 + 11 + -2 + (3 - 6).
-5
Evaluate 0 + 0 + -8 + 8 + 10.
10
(-3 - -3 - 1) + -4
-5
(-13 - -4) + 24 + -10
5
What is -2 + (2 - (7 + -5))?
-2
What is the value of 4 + -1 + -1 + (18 - 17)?
3
Evaluate 6 + 0 + -6 - 4.
-4
What is the value of 1 + -1 + -8 + 5?
-3
Evaluate (-13 - -20) + -11 + 0.
-4
What is -1 + 1 + -1 + 2?
1
Calculate 5 - 10 - (1 - 6).
0
Calculate 10 + -6 + 3 - (3 - 0).
4
What is -4 + 9 + -3 + -2?
0
What is 2 + 11 + -9 - 0?
4
What is (-2 - -2) + 10 - 13?
-3
What is the value of 0 - (-4 + (5 - 5) + 9)?
-5
What is -1 - (3 + -2 + 1)?
-3
What is -5 - ((6 - 4) + -14)?
7
What is 9 + -1 + -3 + 0 + 4?
9
What is the value of -1 - (5 - 0 - (10 - 6))?
-2
Evaluate -4 - 0 - (2 - (-3 - -6)).
-3
Evaluate 11 - ((-7 - -26) + -5).
-3
What is 5 - (5 - (-6 - -10))?
4
What is 0 + 1 - 8 - (-2 + 0)?
-5
Evaluate -4 + 1 - (-14 - -12).
-1
Evaluate -9 + (21 - 2 - 9).
1
Calculate (-2 + 6 - 5) + 4.
3
What is the value of 4 - (-2 - (0 - 2))?
4
2 - (3 + -3 - -3) - -1
0
What is the value of 6 + (-6 - (6 + -4)) + 5?
3
What is (-3 + 10 + -14 - -4) + 10?
7
What is the value of -2 + -2 - ((6 - 2) + -5)?
-3
Calculate -5 + (-5 - -5) + 1.
-4
What is -5 + (8 - 2) - 4?
-3
What is the value of (0 + (2 - 3) - -2) + -4?
-3
What is the value of 14 + (-12 - (-5 + 4))?
3
2 + 8 + -5 - 8
-3
Evaluate (-2 - -10) + -42 + 39.
5
Evaluate 3 - (-1 + (-3 - -5) - -3).
-1
(3 - 0) + (-7 - -9)
5
Evaluate 1 - (3 + -5) - 5.
-2
Calculate (-25 - -18) + (1 - -3).
-3
What is 16 + -8 + (-4 - 1) + 3?
6
What is the value of 42 + -50 - (-2 - 1 - 1)?
-4
Calculate -7 + (0 - ((-2 - -6) + -10)).
-1
-6 - -16 - 1 - 17
-8
-4 - (-7 + 7) - -2 - 4
-6
What is the value of -5 - -3 - (6 - (18 - 4))?
6
What is (2 - -4 - -3) + -10?
-1
What is (-11 - -12) + (-1 - 1)?
-1
What is 56 + -58 - (-1 - -2)?
-3
Calculate 9 - (0 - (-1 - 2)).
6
Calculate (-3 - -3 - 2) + 0 + 1.
-1
-1 + (-4 - (-5 + 0))
0
13 + 2 + -9 + 2
8
Calculate -5 + 7 + -4 - 0 - 6.
-8
Calculate -3 + -1 + (-4 - -4) + 5.
1
Evaluate -3 - -5 - (-22 + 15).
9
Evaluate 2 + 0 - (-2 + 4 - 0).
0
What is -14 + 15 + 3 + -3?
1
What is the value of -1 + -4 + -2 + 0?
-7
Evaluate -2 - (29 + -27 - (7 + -1)).
2
What is the value of -2 + (6 - (9 - 1) - -5)?
1
Evaluate -3 + (-1 - (4 + -2)) + 2.
-4
Calculate (14 + 1 - 21) + -1 + 0.
-7
Calculate 5 - 2 - (-38 + 36).
5
Calculate -9 + (-4 - (0 - 5)) + 4.
-4
What is the value of 15 + -20 + (-1 - -4)?
-2
What is -3 + (2 - (3 - 6)) + 2?
4
What is the value of -3 - (-3 + 1) - 3?
-4
What is -4 - ((0 - -5 - 6) + -3)?
0
Evaluate 9 - 10 - (5 + 0).
-6
What is the value of -7 + -4 + (9 - 3)?
-5
What is -1 + 3 + (-2 - (-8 - -1))?
7
-4 - -2 - 2 - (-2 - -3)
-5
9 + -21 - -4 - -6
-2
Calculate 0 + -11 + 3 + 1 + 4.
-3
What is -10 - -9 - (0 + 4)?
-5
What is (2 + 7 - 3) + -6?
0
Calculate (-2 - 2) + 0 + 2 - 3.
-5
-5 - (3 - -6 - 20)
6
Evaluate 2 + (-6 - (-13 - 0)).
9
Evaluate -6 + (7 + 0 - -2).
3
Calculate -8 + -2 + 7 - (-2 + -2).
1
Calculate 5 - (9 - (1 - -3)) - -5.
5
What is -1 - (-1 + 0 + (13 - 9))?
-4
(121 - 123) + (1 - -6)
5
Calculate 1 - ((0 - 2 - -2) + -1).
2
What is the value of -7 + 5 - 1 - -2?
-1
Calculate -26 - -21 - (-6 - 1).
2
-6 + (14 - 13) + 16
11
What is -2 + 0 - (-41 + 45)?
-6
Calculate -3 + -2 + -3 + 6.
-2
-6 + (20 + 2 - 8)
8
What is the value of -1 + (1 - 3 - -3)?
0
What is 5 + (-4 - 4 - 1 - 3)?
-7
What is the value of (-1 - (-5 + 6)) + 7 + -4?
1
Calculate 1 + -9 - (8 - (5 - -7)).
-4
What is (-7 + 2 - 1) + 56 + -51?
-1
What is 2 + (3 - 6) - -3?
2
10 - 13 - (-9 - -2)
4
What is (1 - 2) + 3 + -1?
1
What is the value of 7 - 9 - (-3 + -2)?
3
What is the value of -1 + 6 + -7 - 0?
-2
Evaluate -5 + 6 + (1 - 2) - -1.
1
What is the value of 142 - 145 - (3 - (-1 - -3))?
-4
What is the value of 2 + (3 - (3 + 1))?
1
-1 - (7 + -3 + 0 + 0)
-5
What is the value of 7 + 1 - -1 - 1 - 3?
5
Evaluate -5 + (5 - (9 - 6)).
-3
Evaluate -2 + 1 + -2 - -2.
-1
Calculate 2 + 1 - (-5 + 3).
5
Evaluate (9 + -5 - 5) + -1 - -5.
3
Calculate (9 - 10) + (3 - -1) - 0.
3
0 + (-25 - -19) + (3 - 1)
-4
What is (12 + -6 + -1 - 2) + -9?
-6
Calculate -2 + 5 - (-11 + 10).
4
What is (2 - (9 - 3)) + 10?
6
Calculate (-25 + 17 - -17) + -1 + -3.
5
Calculate -4 + -5 + (8 - 4).
-5
-3 + 0 - (0 - (7 - 5))
-1
Calculate -2 - -4 - (3 - (2 - -4)).
5
What is 7 - ((-6 - -2) + (1 - -7))?
3
What is the value of -13 + 15 + (2 - -1) - 7?
-2
What is the value of 7 + -9 - (21 + -19)?
-4
What is the value of -8 - -5 - (-3 + -1)?
1
Evaluate (-3 + 2 + 3 - 0) + 0.
2
What is the value of -3 + (-5 - -9) + -9?
-8
What is (0 - -5) + (-5 - -2) + -4?
-2
Calculate (-8 - 1) + (-11 - -15).
-5
0 - (-3 + -8 + 9 + -4)
6
What is 0 - 1 - (5 - (7 + -4))?
-3
What is (-1 - 0) + (-19 - -18)?
-2
-7 + (11 - (12 + (-3 - 1)))
-4
Evaluate (6 - 11 - (0 - 0)) + 0.
-5
1 + -21 - -7 - (-1 - 5)
-7
Calculate 6 + -11 + -3 + 3.
-5
Calculate -6 + (6 - 2) + 2 - -2.
2
Evaluate (13 - 11) + 2 + 1.
5
Calculate -9 + 4 + -3 + 3.
-5
Calculate -3 + 3 + -2 + 3.
1
Calculate (3 - 2) + (37 - 34).
4
Evaluate (-1 - -1) + 4 - 3.
1
What is 19 - 3 - (13 - 5) - 7?
1
What is the value of 10 + (4 + -9 + -2 - -4)?
7
What is the value of 2 - (25 - (-8 + 21))?
-10
What is the value of (7 - -4 - 4) + 1?
8
What is -13 - -6 - (2 - (13 + 0))?
4
What is -1 + -3 - (3 + (-6 - -4))?
-5
What is the value of 0 - (-1 - -6 - 6)?
1
Evaluate 4 + -1 - (-2 - (0 + -4)).
1
Evaluate -1 + 1 + -2 - 0.
-2
What is 4 + -2 + (9 - 7) + 1?
5
4 - (0 - -9 - (6 + -2))
-1
What is -6 - (17 - 23) - (1 + 0)?
-1
What is -3 - (-9 + 2 + 1)?
3
Calculate 13 - ((-6 - -5) + 12).
2
Calculate (16 - 12) + (0 - -1).
5
What is -5 + 4 - (-3 - -5)?
-3
What is 1 - (-9 - -2 - -3 - -1)?
4
5 - (1 + 1) - 6
-3
What is the value of 0 + 0 + (-5 - 6 - -6)?
-5
-9 + 3 + 1 + 8
3
Evaluate 2 + -4 - ((0 - -1) + 0).
-3
13 - 16 - (-4 + 1)
0
Calculate -4 + (1 - (-2 + -1)).
0
(-2 - (1 - (-3 + 7))) + 3
4
Calculate (-2 - 1) + (4 - -12) + -10.
3
What is the value of -3 + -2 - (2 - (4 - 3))?
-6
-91 + 87 - (-4 + 0)
0
Evaluate 16 + -8 - (4 - 4).
8
What is the value of -3 + -1 + (-33 - -36)?
-1
Calculate -19 - -20 - (8 + 0) - -6.
-1
What is the value of (4 - 0) + -5 + -7?
-8
Calculate (-3 - 0) + (9 - (-3 - -6)).
3
What is -1 - (-5 + 8) - -1?
-3
What is -9 + 1 + (-70 - -76)?
-2
Evaluate -1 + 1 - (-3 - -2 - 3).
4
Evaluate 5 - (-3 + 9 + -1).
0
What is the value of -3 - -2 - -2 - -1?
2
What is 10 - (0 + 0) - (0 + 3)?
7
Evaluate -4 - (-2 - 8 - 0).
6
What is the value of -10 - ((-3 - -4) + -8)?
-3
Calculate 3 + -2 - (8 + (-5 - 0)).
-2
What is the value of (-3 - (3 + -10 + 6)) + -6?
-8
0 + -2 + (1 + 2 - 5)
-4
Evaluate 5 + (8 - (10 + -2)).
5
What is the value of (-1 - 7) + -6 + 9?
-5
Calculate 0 + (-3 - (-4 + 5